{"id":31,"date":"2021-04-26T16:39:46","date_gmt":"2021-04-26T16:39:46","guid":{"rendered":"https:\/\/erasmusplus-educarte.eu\/?page_id=31"},"modified":"2021-04-27T01:17:02","modified_gmt":"2021-04-27T01:17:02","slug":"importancia-de-un-proyecto-transnacional","status":"publish","type":"page","link":"https:\/\/erasmusplus-educarte.eu\/index.php\/importancia-de-un-proyecto-transnacional\/","title":{"rendered":"Importancia de un proyecto transnacional"},"content":{"rendered":"<p>[et_pb_section fb_built=\u00bb1&#8243; _builder_version=\u00bb4.9.3&#8243; _module_preset=\u00bbdefault\u00bb custom_padding=\u00bb21px||18px|||\u00bb][et_pb_row _builder_version=\u00bb4.9.3&#8243; _module_preset=\u00bbdefault\u00bb][et_pb_column _builder_version=\u00bb4.9.3&#8243; _module_preset=\u00bbdefault\u00bb type=\u00bb4_4&#8243;][et_pb_image src=\u00bbhttps:\/\/erasmusplus-educarte.eu\/wp-content\/uploads\/2021\/04\/DSC02175-scaled.jpg\u00bb _builder_version=\u00bb4.9.3&#8243; _module_preset=\u00bbdefault\u00bb title_text=\u00bbSONY DSC\u00bb hover_enabled=\u00bb0&#8243; sticky_enabled=\u00bb0&#8243;][\/et_pb_image][\/et_pb_column][\/et_pb_row][et_pb_row column_structure=\u00bb1_5,3_5,1_5&#8243; _builder_version=\u00bb4.9.3&#8243; _module_preset=\u00bbdefault\u00bb min_height=\u00bb876.6px\u00bb][et_pb_column type=\u00bb1_5&#8243; _builder_version=\u00bb4.9.3&#8243; _module_preset=\u00bbdefault\u00bb][\/et_pb_column][et_pb_column type=\u00bb3_5&#8243; _builder_version=\u00bb4.9.3&#8243; _module_preset=\u00bbdefault\u00bb][et_pb_text _builder_version=\u00bb4.9.3&#8243; _module_preset=\u00bbdefault\u00bb hover_enabled=\u00bb0&#8243; sticky_enabled=\u00bb0&#8243;]<\/p>\n<h3><strong>IMPORTANCIA DE UN PROYECTO TRANSNACIONAL<\/strong><\/h3>\n<p>Es fundamental la realizaci\u00f3n de este tipo de proyectos gracias a la convocatoria ERASMUS +, con objeto de generar espacios de encuentro y de intercambio de buenas pr\u00e1cticas en el marco Europeo.<\/p>\n<p>EDUCARTE EN IDENTIDAD EUROPEA incorpora ayuntamientos, centros escolares, universidades y ONG\/fundaciones y explora herramientas innovadoras identificar actuaciones educativas de \u00e9xito entre escuelas y entidades educativas-culturales-sociales. Esperamos que m\u00e1s de 700 profesionales educativos participen e intercambian sus experiencias, llegando a m\u00e1s de 1.500 menores y m\u00e1s de 300 familias.<\/p>\n<p>El proyecto Europeo permitir\u00e1 capacitar y trabajar en red con m\u00e1s de 100 colaboradores artistas, voluntarios y estudiantes en pr\u00e1cticas de estudios superiores asociados al mundo de la educaci\u00f3n (psicolog\u00eda, pedagog\u00eda, educaci\u00f3n social, sociolog\u00eda\u2026). El proyecto permitir\u00e1 mejorar las metodolog\u00edas nacionales de intervenci\u00f3n socio-educativa en materia de identidad europea, lo que fomentar\u00e1 el intercambio y las buenas pr\u00e1cticas a nivel regional, nacional y europeo.<\/p>\n<p>Se buscar\u00e1n espacios de intercambio (formaci\u00f3n, experiencias y materiales) que permitan la creaci\u00f3n de modelos que perduren en el tiempo, m\u00e1s all\u00e1 de la experiencia o personas que lo ponen en marcha.<\/p>\n<p>En el marco general este tipo de proyectos quiere potenciar la convivencia democr\u00e1tica de quienes, provenientes de diferentes culturas, conviven en nuestras ciudades, desde la inclusi\u00f3n de todos y todas como agentes participativos, para poner en valor nuestro patrimonio cultural e hist\u00f3rico com\u00fan y la riqueza de la diversidad.<\/p>\n<p>El proyecto propone la adquisici\u00f3n de nuevas metodolog\u00edas que fomenten la imaginaci\u00f3n, la creatividad y el emprendimiento para la mejora la percepci\u00f3n de nuestra identidad cultura europea com\u00fan y nuestro patrimonio compartido, junto a espacios de convivencia, la motivaci\u00f3n para el aprendizaje, la creaci\u00f3n de ciudadan\u00eda europea y la adquisici\u00f3n de competencias para que se interiorice la metodolog\u00eda y se implementen desde la experimentaci\u00f3n.<\/p>\n<p>El proyecto recoge las pr\u00e1cticas de cada una de las organizaciones participantes, y a\u00fana y desarrolla un modelo europeo de intervenci\u00f3n conjunto que fortalece la dimensi\u00f3n europea y permitir\u00e1 implementar de forma permanente claves educativas de \u00e9xito que perdurar\u00e1n en el tiempo, para que puedan ser posteriormente implementadas en otras entidades europeas.<\/p>\n<p>[\/et_pb_text][\/et_pb_column][et_pb_column type=\u00bb1_5&#8243; _builder_version=\u00bb4.9.3&#8243; _module_preset=\u00bbdefault\u00bb][\/et_pb_column][\/et_pb_row][\/et_pb_section]<\/p>\n","protected":false},"excerpt":{"rendered":"<p>IMPORTANCIA DE UN PROYECTO TRANSNACIONAL Es fundamental la realizaci\u00f3n de este tipo de proyectos gracias a la convocatoria ERASMUS +, con objeto de generar espacios de encuentro y de intercambio de buenas pr\u00e1cticas en el marco Europeo. EDUCARTE EN IDENTIDAD EUROPEA incorpora ayuntamientos, centros escolares, universidades y ONG\/fundaciones y explora herramientas innovadoras identificar actuaciones educativas [&hellip;]<\/p>\n","protected":false},"author":1,"featured_media":0,"parent":0,"menu_order":0,"comment_status":"closed","ping_status":"closed","template":"","meta":{"_et_pb_use_builder":"on","_et_pb_old_content":"<!-- wp:divi\/placeholder \/-->","_et_gb_content_width":"","footnotes":""},"class_list":["post-31","page","type-page","status-publish","hentry"],"_links":{"self":[{"href":"https:\/\/erasmusplus-educarte.eu\/index.php\/wp-json\/wp\/v2\/pages\/31","targetHints":{"allow":["GET"]}}],"collection":[{"href":"https:\/\/erasmusplus-educarte.eu\/index.php\/wp-json\/wp\/v2\/pages"}],"about":[{"href":"https:\/\/erasmusplus-educarte.eu\/index.php\/wp-json\/wp\/v2\/types\/page"}],"author":[{"embeddable":true,"href":"https:\/\/erasmusplus-educarte.eu\/index.php\/wp-json\/wp\/v2\/users\/1"}],"replies":[{"embeddable":true,"href":"https:\/\/erasmusplus-educarte.eu\/index.php\/wp-json\/wp\/v2\/comments?post=31"}],"version-history":[{"count":5,"href":"https:\/\/erasmusplus-educarte.eu\/index.php\/wp-json\/wp\/v2\/pages\/31\/revisions"}],"predecessor-version":[{"id":123,"href":"https:\/\/erasmusplus-educarte.eu\/index.php\/wp-json\/wp\/v2\/pages\/31\/revisions\/123"}],"wp:attachment":[{"href":"https:\/\/erasmusplus-educarte.eu\/index.php\/wp-json\/wp\/v2\/media?parent=31"}],"curies":[{"name":"wp","href":"https:\/\/api.w.org\/{rel}","templated":true}]}}

<p>[et_pb_section fb_built=»1&#8243; _builder_version=»4.9.3&#8243; _module_preset=»default» custom_padding=»21px||18px|||»][et_pb_row _builder_version=»4.9.3&#8243; _module_preset=»default»][et_pb_column _builder_version=»4.9.3&#8243; _module_preset=»default» type=»4_4&#8243;][et_pb_image src=»https://erasmusplus-educarte.eu/wp-content/uploads/2021/04/DSC02175-scaled.jpg» _builder_version=»4.9.3&#8243; _module_preset=»default» title_text=»SONY DSC» hover_enabled=»0&#8243; sticky_enabled=»0&#8243;][/et_pb_image][/et_pb_column][/et_pb_row][et_pb_row column_structure=»1_5,3_5,1_5&#8243; _builder_version=»4.9.3&#8243; _module_preset=»default» min_height=»876.6px»][et_pb_column type=»1_5&#8243; _builder_version=»4.9.3&#8243; _module_preset=»default»][/et_pb_column][et_pb_column type=»3_5&#8243; _builder_version=»4.9.3&#8243; _module_preset=»default»][et_pb_text _builder_version=»4.9.3&#8243; _module_preset=»default» hover_enabled=»0&#8243; sticky_enabled=»0&#8243;]</p>
<h3><strong>IMPORTANCIA DE UN PROYECTO TRANSNACIONAL</strong></h3>
<p>Es fundamental la realización de este tipo de proyectos gracias a la convocatoria ERASMUS +, con objeto de generar espacios de encuentro y de intercambio de buenas prácticas en el marco Europeo.</p>
<p>EDUCARTE EN IDENTIDAD EUROPEA incorpora ayuntamientos, centros escolares, universidades y ONG/fundaciones y explora herramientas innovadoras identificar actuaciones educativas de éxito entre escuelas y entidades educativas-culturales-sociales. Esperamos que más de 700 profesionales educativos participen e intercambian sus experiencias, llegando a más de 1.500 menores y más de 300 familias.</p>
<p>El proyecto Europeo permitirá capacitar y trabajar en red con más de 100 colaboradores artistas, voluntarios y estudiantes en prácticas de estudios superiores asociados al mundo de la educación (psicología, pedagogía, educación social, sociología…). El proyecto permitirá mejorar las metodologías nacionales de intervención socio-educativa en materia de identidad europea, lo que fomentará el intercambio y las buenas prácticas a nivel regional, nacional y europeo.</p>
<p>Se buscarán espacios de intercambio (formación, experiencias y materiales) que permitan la creación de modelos que perduren en el tiempo, más allá de la experiencia o personas que lo ponen en marcha.</p>
<p>En el marco general este tipo de proyectos quiere potenciar la convivencia democrática de quienes, provenientes de diferentes culturas, conviven en nuestras ciudades, desde la inclusión de todos y todas como agentes participativos, para poner en valor nuestro patrimonio cultural e histórico común y la riqueza de la diversidad.</p>
<p>El proyecto propone la adquisición de nuevas metodologías que fomenten la imaginación, la creatividad y el emprendimiento para la mejora la percepción de nuestra identidad cultura europea común y nuestro patrimonio compartido, junto a espacios de convivencia, la motivación para el aprendizaje, la creación de ciudadanía europea y la adquisición de competencias para que se interiorice la metodología y se implementen desde la experimentación.</p>
<p>El proyecto recoge las prácticas de cada una de las organizaciones participantes, y aúna y desarrolla un modelo europeo de intervención conjunto que fortalece la dimensión europea y permitirá implementar de forma permanente claves educativas de éxito que perdurarán en el tiempo, para que puedan ser posteriormente implementadas en otras entidades europeas.</p>
<p>[/et_pb_text][/et_pb_column][et_pb_column type=»1_5&#8243; _builder_version=»4.9.3&#8243; _module_preset=»default»][/et_pb_column][/et_pb_row][/et_pb_section]</p>

<p>IMPORTANCIA DE UN PROYECTO TRANSNACIONAL Es fundamental la realización de este tipo de proyectos gracias a la convocatoria ERASMUS +, con objeto de generar espacios de encuentro y de intercambio de buenas prácticas en el marco Europeo. EDUCARTE EN IDENTIDAD EUROPEA incorpora ayuntamientos, centros escolares, universidades y ONG/fundaciones y explora herramientas innovadoras identificar actuaciones educativas [&hellip;]</p>
