{"id":35,"date":"2021-04-26T16:41:02","date_gmt":"2021-04-26T16:41:02","guid":{"rendered":"https:\/\/erasmusplus-educarte.eu\/?page_id=35"},"modified":"2021-04-27T01:19:26","modified_gmt":"2021-04-27T01:19:26","slug":"resultados-de-nuestro-proyecto-transnacional","status":"publish","type":"page","link":"https:\/\/erasmusplus-educarte.eu\/index.php\/resultados-de-nuestro-proyecto-transnacional\/","title":{"rendered":"Resultados de nuestro proyecto transnacional"},"content":{"rendered":"<p>[et_pb_section fb_built=\u00bb1&#8243; _builder_version=\u00bb4.9.3&#8243; _module_preset=\u00bbdefault\u00bb custom_padding=\u00bb1px|||||\u00bb][et_pb_row _builder_version=\u00bb4.9.3&#8243; _module_preset=\u00bbdefault\u00bb][et_pb_column _builder_version=\u00bb4.9.3&#8243; _module_preset=\u00bbdefault\u00bb type=\u00bb4_4&#8243;][et_pb_image src=\u00bbhttps:\/\/erasmusplus-educarte.eu\/wp-content\/uploads\/2021\/04\/InShot_20200612_182514419-scaled.jpg\u00bb _builder_version=\u00bb4.9.3&#8243; _module_preset=\u00bbdefault\u00bb title_text=\u00bbInShot_20200612_182514419&#8243; hover_enabled=\u00bb0&#8243; sticky_enabled=\u00bb0&#8243;][\/et_pb_image][\/et_pb_column][\/et_pb_row][et_pb_row column_structure=\u00bb1_5,3_5,1_5&#8243; _builder_version=\u00bb4.9.3&#8243; _module_preset=\u00bbdefault\u00bb][et_pb_column type=\u00bb1_5&#8243; _builder_version=\u00bb4.9.3&#8243; _module_preset=\u00bbdefault\u00bb][\/et_pb_column][et_pb_column type=\u00bb3_5&#8243; _builder_version=\u00bb4.9.3&#8243; _module_preset=\u00bbdefault\u00bb][et_pb_text _builder_version=\u00bb4.9.3&#8243; _module_preset=\u00bbdefault\u00bb]<\/p>\n<p><strong>Resultados<\/strong><\/p>\n<ul>\n<li>\u00a0Se realiza un proyecto innovador fomentando la igualdad de oportunidades.<\/li>\n<li>Se crea una RED de intervenci\u00f3n, con participaci\u00f3n de 8 escuelas y 5 universidades y +50 administraciones y entidades.<\/li>\n<li>Se dota de herramientas a los participantes para encontrar soluciones creativas que les permitan hacer frente a los nuevos retos de forma aut\u00f3noma.<\/li>\n<li>Se favorecen las competencias digitales desde la creatividad potenciando el desarrollo creativo.<\/li>\n<li>Se trabaja desde el arte la identidad europea como espacio com\u00fan desde una ciudadan\u00eda activa a partir del trabajo sobre patrimonio material e inmaterial, y dialogo intercultural.<\/li>\n<li>Se crea un equipo internacional espec\u00edficamente compuesto por artistas y expertos multidisciplinares de 5 pa\u00edses.<\/li>\n<li>Se realizan 6 encuentros internacionales de intercambio de buenas pr\u00e1cticas.<\/li>\n<li>Se capacita en la metodolog\u00eda del proyecto a profesionales del mundo educativo y art\u00edstico.<\/li>\n<li>Se fomenta el intercambio y se comparten experiencias entre 8 escuelas.<\/li>\n<li>Se firman al menos 40 acuerdos y convenios de colaboraci\u00f3n en materia de identidad europea entre ONG, fundaciones, universidades, centros educativos y otras entidades.<\/li>\n<li>Se elaboran materiales did\u00e1cticos con recomendaciones metodol\u00f3gicas y did\u00e1cticas<\/li>\n<li>Se realiza trabajo de comunicaci\u00f3n y difusi\u00f3n, existe una p\u00e1gina web del programa, a disposici\u00f3n del p\u00fablico en general, permite la difusi\u00f3n e intercambio y actuar como centro de<\/li>\n<li>recurso virtual.<\/li>\n<li>Se realizan dos actos de difusi\u00f3n para acercar a la en torno a identidad europea en Bruselas (Parlamento Europeo o Embajada de Espa\u00f1a) y Madrid (Sede Parlamento Europeo).<\/li>\n<li>Se realiza evaluaci\u00f3n.<\/li>\n<li>Han participado al menos 100 personas<\/li>\n<\/ul>\n<p>[\/et_pb_text][\/et_pb_column][et_pb_column type=\u00bb1_5&#8243; _builder_version=\u00bb4.9.3&#8243; _module_preset=\u00bbdefault\u00bb][\/et_pb_column][\/et_pb_row][\/et_pb_section]<\/p>\n","protected":false},"excerpt":{"rendered":"<p>Resultados \u00a0Se realiza un proyecto innovador fomentando la igualdad de oportunidades. Se crea una RED de intervenci\u00f3n, con participaci\u00f3n de 8 escuelas y 5 universidades y +50 administraciones y entidades. Se dota de herramientas a los participantes para encontrar soluciones creativas que les permitan hacer frente a los nuevos retos de forma aut\u00f3noma. Se favorecen [&hellip;]<\/p>\n","protected":false},"author":1,"featured_media":0,"parent":0,"menu_order":0,"comment_status":"closed","ping_status":"closed","template":"","meta":{"_et_pb_use_builder":"on","_et_pb_old_content":"<!-- wp:divi\/placeholder \/-->","_et_gb_content_width":"","footnotes":""},"class_list":["post-35","page","type-page","status-publish","hentry"],"_links":{"self":[{"href":"https:\/\/erasmusplus-educarte.eu\/index.php\/wp-json\/wp\/v2\/pages\/35","targetHints":{"allow":["GET"]}}],"collection":[{"href":"https:\/\/erasmusplus-educarte.eu\/index.php\/wp-json\/wp\/v2\/pages"}],"about":[{"href":"https:\/\/erasmusplus-educarte.eu\/index.php\/wp-json\/wp\/v2\/types\/page"}],"author":[{"embeddable":true,"href":"https:\/\/erasmusplus-educarte.eu\/index.php\/wp-json\/wp\/v2\/users\/1"}],"replies":[{"embeddable":true,"href":"https:\/\/erasmusplus-educarte.eu\/index.php\/wp-json\/wp\/v2\/comments?post=35"}],"version-history":[{"count":4,"href":"https:\/\/erasmusplus-educarte.eu\/index.php\/wp-json\/wp\/v2\/pages\/35\/revisions"}],"predecessor-version":[{"id":126,"href":"https:\/\/erasmusplus-educarte.eu\/index.php\/wp-json\/wp\/v2\/pages\/35\/revisions\/126"}],"wp:attachment":[{"href":"https:\/\/erasmusplus-educarte.eu\/index.php\/wp-json\/wp\/v2\/media?parent=35"}],"curies":[{"name":"wp","href":"https:\/\/api.w.org\/{rel}","templated":true}]}}